{"id":2,"date":"2019-08-20T22:17:06","date_gmt":"2019-08-20T20:17:06","guid":{"rendered":"http:\/\/buehne.ottensheim.at\/wordpress\/?page_id=2"},"modified":"2022-08-20T15:20:50","modified_gmt":"2022-08-20T13:20:50","slug":"zwoelfeleuten-das-freiluft-theaterereignis-2014","status":"publish","type":"page","link":"https:\/\/buehne.ottensheim.at\/","title":{"rendered":"Unsere aktuelle Produktion"},"content":{"rendered":"<h1><span style=\"color: #ff00ff;\"><span style=\"color: #0000ff;\">&#8222;Aus Liebe&#8220;<br><\/span><\/span><span style=\"color: #808080;\"><strong>von Peter Turrini<br><\/strong><\/span><span style=\"color: #0000ff;\"><strong>eine Produktion der B\u00dcHNE OTTENSHEIM<br>Regie: Peter &amp; Magdalena Habringer<\/strong><\/span><\/h1>\n<p class=\"p1\">\u201eAus Liebe\u201c skizziert in pointierten, tragikomischen Kurzszenen den Abstieg des Normalb\u00fcrgers und Spitzenbeamten Michael Weber. Bis der sich im Baumarkt eine Hacke zulegt, um ans<br>\u00c4u\u00dferste zu gehen.<\/p>\n<p class=\"p1\">Das zentrale Geschehen um den pl\u00f6tzlich entsicherten Weber ist in eine Reihe von Nebenhandlungen eingebettet, die sich final verschr\u00e4nken: Eine alte Frau begeht kultivierten Mundraub, die Polizei bem\u00fcht sich auf drastische Weise um Nachwuchs, die Prostitution ist auch nicht mehr das, was sie einmal war. Und der liebe Gott streicht immer wieder \u00fcber die Szene und versucht erfolglos seine alten Botschaften loszuschlagen. In 22 Kurzszenen, die an einem Tag zwischen sechs Uhr fr\u00fch und kurz vor Mitternacht ablaufen, l\u00e4uft der ganz normale Wahnsinn zwischen geballter Faust im Hosensack und t\u00f6dlichem Zuschlagen dahin.<span class=\"Apple-converted-space\">&nbsp;<\/span><\/p>\n<p class=\"p1\">Da begeht ein bislang friedlicher Mann ein Verbrechen und gibt beim Verh\u00f6r bei der Frage nach dem Warum nur ein Motiv an: \u201eAus Liebe\u201c. Was das bedeuten mag, kann er nicht erkl\u00e4ren. Den gro\u00dfen sozialkritischen Dramatiker Turrini interessieren aber vor allem auch die kleinen Motive, die scheinbar \u201eaus Liebe\u201c verbrochen werden.<\/p>\n<p class=\"p3\">Dieses raffiniert gebaute Stationendrama offeriert verbl\u00fcffend witzig angeschr\u00e4gte, brutale,<br>lebenspralle Rollen aus dem Wiener Gro\u00dfstadtmilieu. Wir sehen eine Seelenausstellung, eine Galerie Verlorener aus Turrinis poetischer Alltagsverdichtung.<span class=\"Apple-converted-space\">&nbsp;<\/span><\/p>\n<p>&#8212;&#8212;&#8212;&#8212;&#8212;&#8212;&#8212;&#8212;&#8212;&#8212;&#8212;&#8212;&#8212;&#8212;&#8212;&#8212;&#8212;&#8212;&#8212;&#8212;&#8212;&#8212;&#8212;&#8212;&#8212;&#8212;&#8212;&#8212;&#8212;&#8212;&#8212;&#8212;&#8212;&#8212;&#8212;&#8212;&#8212;-<\/p>\n<p><strong>Spielort: Alter Bauhof Ottensheim, Rodlstra\u00dfe 19<\/strong><\/p>\n<p>&#8212;&#8212;&#8212;&#8212;&#8212;&#8212;&#8212;&#8212;&#8212;&#8212;&#8212;&#8212;&#8212;&#8212;&#8212;&#8212;&#8212;&#8212;&#8212;&#8212;&#8212;&#8212;&#8212;&#8212;&#8212;&#8212;&#8212;&#8212;&#8212;&#8212;&#8212;&#8212;&#8212;&#8212;&#8212;&#8212;&#8212;-<\/p>\n<p style=\"text-align: left;\"><span style=\"color: #0000ff;\"><strong>Donnerstag, 21. April 2022, 20 Uhr<br><\/strong><strong>Freitag, 22. April 2022, 20 Uhr<\/strong><\/span><\/p>\n<p><span style=\"color: #0000ff;\"><strong>Donnerstag, 28. April 2022, 20 Uhr<br><\/strong><strong>Freitag, 29. April 2022, 20 Uhr<br><\/strong><strong>Samstag, 30. April 2022, 20 Uhr<\/strong><\/span><\/p>\n<p><span style=\"color: #0000ff;\"><strong>Donnerstag, 05. Mai 2022, 20 Uhr<br><\/strong><strong>Freitag, 06. Mai 2022, 20 Uhr<br><\/strong><strong>Samstag, 07. Mai 2022, 20 Uhr<\/strong><\/span><\/p>\n<p><strong>Karten: \u20ac 20,&#8211; <br>Erm\u00e4\u00dfigungen:<br>\u20ac 18,&#8211; f\u00fcr OTTOninnen und OTTOnen, \u00d61 Clubmitglieder<br>\u20ac 12,&#8211; f\u00fcr Sch\u00fclerInnen, Studierende, Lehrlinge, Zivildiener, Pr\u00e4senzdiener (bitte entsprechenden Ausweis vorlegen)<br>Inhaber eine Kulturpasses von &#8222;Hunger auf Kunst und Kultur&#8220; sind herzlich willkommen!<\/strong><\/p>\n<p><a href=\"http:\/\/www.alterbauhof.at\" target=\"_blank\" rel=\"noopener noreferrer\"><span style=\"color: #0000ff;\"><strong><span style=\"color: #0000ff;\">hier geht&#8217;s zum Reservierungssystem<\/span><br><\/strong><\/span><\/a>(bitte Karten reservieren und an der Abendkasse bezahlen)<\/p>\n<p><\/p>\n<hr>\n<p style=\"text-align: left;\"><span style=\"color: #000000;\">Impressum:<\/span><strong><span style=\"color: #000000;\"> Theatergruppe B\u00dcHNE OTTENSHEIM<br><\/span><\/strong>ZVR: 610752742<br>Obmann:&nbsp; Werner Elsnig<br>4111 Walding, Weinbergstra\u00dfe 3<br>Tel. 0676 \/ 675 13 15<strong style=\"color: #0000ff;\"><br><a title=\"Obmann B\u00fchne Ottensheim\" href=\"mailto:werner@elsnig.at\" target=\"_blank\" rel=\"noopener noreferrer\"><span style=\"color: #333399;\"><span style=\"color: #333399;\">E-Mail<\/span><\/span><\/a> <\/strong><\/p>\n<hr>\n\n\n<p><\/p>\n","protected":false},"excerpt":{"rendered":"<p>&#8222;Aus Liebe&#8220;von Peter Turrinieine Produktion der B\u00dcHNE OTTENSHEIMRegie: Peter &amp; Magdalena Habringer \u201eAus Liebe\u201c skizziert in pointierten, tragikomischen Kurzszenen den Abstieg des Normalb\u00fcrgers und Spitzenbeamten Michael Weber. Bis der sich im Baumarkt eine Hacke zulegt, um ans\u00c4u\u00dferste zu gehen. Das zentrale Geschehen um den pl\u00f6tzlich entsicherten Weber ist in eine Reihe von Nebenhandlungen eingebettet, die [&hellip;]<\/p>\n","protected":false},"author":1,"featured_media":196,"parent":0,"menu_order":0,"comment_status":"closed","ping_status":"closed","template":"page-templates\/front-page.php","meta":[],"_links":{"self":[{"href":"https:\/\/buehne.ottensheim.at\/index.php?rest_route=\/wp\/v2\/pages\/2"}],"collection":[{"href":"https:\/\/buehne.ottensheim.at\/index.php?rest_route=\/wp\/v2\/pages"}],"about":[{"href":"https:\/\/buehne.ottensheim.at\/index.php?rest_route=\/wp\/v2\/types\/page"}],"author":[{"embeddable":true,"href":"https:\/\/buehne.ottensheim.at\/index.php?rest_route=\/wp\/v2\/users\/1"}],"replies":[{"embeddable":true,"href":"https:\/\/buehne.ottensheim.at\/index.php?rest_route=%2Fwp%2Fv2%2Fcomments&post=2"}],"version-history":[{"count":140,"href":"https:\/\/buehne.ottensheim.at\/index.php?rest_route=\/wp\/v2\/pages\/2\/revisions"}],"predecessor-version":[{"id":210,"href":"https:\/\/buehne.ottensheim.at\/index.php?rest_route=\/wp\/v2\/pages\/2\/revisions\/210"}],"wp:featuredmedia":[{"embeddable":true,"href":"https:\/\/buehne.ottensheim.at\/index.php?rest_route=\/wp\/v2\/media\/196"}],"wp:attachment":[{"href":"https:\/\/buehne.ottensheim.at\/index.php?rest_route=%2Fwp%2Fv2%2Fmedia&parent=2"}],"curies":[{"name":"wp","href":"https:\/\/api.w.org\/{rel}","templated":true}]}}